00001?
-1001110011000000
In base 3, what is 121212022 - 111?
121211211
In base 7, what is -4 - -145240?
145233
In base 7, what is -240 - 540?
-1110
In base 4, what is 11231 + 1?
11232
In base 2, what is 11011101111010 + -1100011?
11011100010111
In base 4, what is 1200 - -212002?
213202
In base 13, what is -c966 - 0?
-c966
In base 12, what is -75 + 1316?
1261
In base 10, what is 5 - 2878?
-2873
In base 6, what is 22311 - -152?
22503
In base 13, what is -c8811 + 2?
-c880c
In base 15, what is -1 - 53ea?
-53eb
In base 7, what is -4 + -115263?
-115300
In base 10, what is 84 - -394?
478
In base 2, what is -111 - 101011101110011?
-101011101111010
In base 9, what is 3675033 + 4?
3675037
In base 11, what is -542413 + 4?
-54240a
In base 2, what is 10100 + 1010001111111?
1010010010011
In base 3, what is -1210112 - 1120?
-1212002
In base 5, what is -341 - 323114?
-324010
In base 3, what is -2 + -122012?
-122021
In base 4, what is 132102 + -2323?
123113
In base 10, what is 1299546 - -5?
1299551
In base 10, what is -4 - -19879?
19875
In base 7, what is 360201 - -3?
360204
In base 4, what is -2200 + -332123?
-1000323
In base 16, what is -b1c0 - -8?
-b1b8
In base 7, what is 0 + -212303?
-212303
In base 6, what is -13102 + 244?
-12414
In base 8, what is 12 + 2723?
2735
In base 2, what is -101 + -1000011000101111?
-1000011000110100
In base 5, what is 122 - 1124043?
-1123421
In base 7, what is 124045 + -3?
124042
In base 16, what is -1470e + 0?
-1470e
In base 5, what is -12 - 1430021?
-1430033
In base 8, what is 142 - 1242?
-1100
In base 13, what is -471 - -3?
-46b
In base 11, what is -64357 - 6?
-64362
In base 14, what is 117 - 356?
-23d
In base 10, what is -4 - 8780?
-8784
In base 5, what is 3013 + 43?
3111
In base 12, what is 2 - 4895?
-4893
In base 6, what is -54434 + -142?
-55020
In base 7, what is 13 - 642502?
-642456
In base 6, what is 2 - -4453?
4455
In base 15, what is 1 + 700d?
700e
In base 14, what is -bdd + -15?
-c14
In base 2, what is 111110010101110000 - 1?
111110010101101111
In base 11, what is -217 - 6a?
-286
In base 5, what is -31 - 3443?
-4024
In base 15, what is -1832a2 + 4?
-18329d
In base 16, what is 3 - 1978b?
-19788
In base 10, what is -2 + -909436?
-909438
In base 11, what is 78 - 8201?
-8134
In base 6, what is 13451 + -513?
12534
In base 12, what is -317 + -75?
-390
In base 9, what is -243 - -138?
-104
In base 12, what is 4 + 3084?
3088
In base 6, what is -41424 - 314?
-42142
In base 7, what is -1005 - 1?
-1006
In base 8, what is 166613 - -3?
166616
In base 15, what is -14 + 2a95?
2a81
In base 3, what is -101120 + 100?
-101020
In base 4, what is 3 + 3101002?
3101011
In base 7, what is -4 + 222201?
222164
In base 11, what is -88493 + -1?
-88494
In base 13, what is -53 - 10a4?
-1127
In base 13, what is -2089 + 22?
-2067
In base 6, what is -100242 - -32?
-100210
In base 10, what is 14464 - -5?
14469
In base 16, what is 4828 + 0?
4828
In base 7, what is -124 + -10522?
-10646
In base 10, what is -1141 + 11?
-1130
In base 16, what is 11 + 1245?
1256
In base 6, what is -432 + -23014?
-23450
In base 10, what is 3 - 452441?
-452438
In base 10, what is -409462 - 3?
-409465
In base 5, what is 2210 + 10304?
13014
In base 10, what is 254 - 331?
-77
In base 5, what is 133314 - 14?
133300
In base 13, what is 2866a - 3?
28667
In base 7, what is 12253 - -20?
12303
In base 2, what is 1010 - 10110010010000101?
-10110010001111011
In base 5, what is -20 - -230002?
224432
In base 2, what is -110110000 - -110000?
-110000000
In base 16, what is 27e6d - -2?
27e6f
In base 12, what is -7 - -2737?
2730
In base 14, what is -104094 - -3?
-104091
In base 14, what is -31 - 21?
-52
In base 14, what is 197 - -1540?
16d7
In base 14, what is 0 + -71d75?
-71d75
In base 2, what is -1111010 - -111000001011?
110110010001
In base 13, what is -6690c - 4?
-66913
In base 14, what is 23 + -42d?
-40a
In base 9, what is 142 + 11464?
11616
In base 10, what is 382 - 2428?
-2046
In base 3, what is -11212200 - 12?
-11212212
In base 5, what is -200 + -3224421?
-3230121
In base 3, what is 1100020220220110 + -1?
1100020220220102
In base 15, what is -1d - -3d9?
3bb
In base 6, what is 11130 - -143?
11313
In base 10, what is 5533 - -1?
5534
In base 16, what is -10fdb + 5?
-10fd6
In base 8, what is 1231 + 47?
1300
In base 15, what is -4 + -5ce51?
-5ce55
In base 8, what is 11271532 + 5?
11271537
In base 7, what is -21 + -60002?
-60023
In base 10, what is 60 - 105?
-45
In base 4, what is -12 + -1022100?
-1022112
In base 2, what is 10010101000111000010 + -100?
10010101000110111110
In base 3, what is 1 + 20110210011?
20110210012
In base 4, what is 30320 + 1?
30321
In base 11, what is 6 + 1a01?
1a07
In base 11, what is -1027316 - -1?
-1027315
In base 5, what is 4214 + -124121?
-114402
In base 11, what is -1165898 + 3?
-1165895
In base 14, what is -1c1cc - -10?
-1c1bc
In base 3, what is 1000211102 - 10?
1000211022
In base 2, what is 101 - 111111100101?
-111111100000
In base 13, what is 17 + 3335?
334c
In base 16, what is 56b - -56?
5c1
In base 14, what is 6960 + -22?
693c
In base 7, what is 120 - -526?
646
In base 6, what is -502421 - 1?
-502422
In base 4, what is 213200 - -111020?
330220
In base 14, what is -38 - 27?
-61
In base 11, what is 16 + 369?
384
In base 2, what is -1110001 - 101110010101101?
-101110100011110
In base 7, what is -12 + 2436?
2424
In base 11, what is 2209608 - 0?
2209608
In base 12, what is 2 + -370483?
-370481
In base 14, what is -7 + 281?
278
In base 12, what is -3 - 932a7?
-932aa
In base 7, what is 560 + -243?
314
In base 2, what is -1101011010010 - -110?
-1101011001100
In base 12, what is -88b3 + 35?
-887a
In base 7, what is 120342 - 10?
120332
In base 13, what is 4 - 443b?
-4437
In base 12, what is -284 - -2ab9?
2835
In base 4, what is -12310021 + 0?
-12310021
In base 11, what is 83 + 1605?
1688
In base 3, what is 21112 - 1112011?
-1020122
In base 11, what is 7 + -15783?
-15777
In base 4, what is -1120 + -112210?
-113330
In base 8, what is -15572 + 1?
-15571
In base 16, what is c7 + -d67?
-ca0
In base 13, what is 539 + 1c6?
732
In base 14, what is -3 - -42b98?
42b95
In base 8, what is -20 - 2040?
-2060
In base 13, what is 67a4 + 4?
67a8
In base 6, what is 15234 - 250?
14544
In base 8, what is 222577 + 1?
222600
In base 3, what is -1012121 + -211?
-1020102
In base 9, what is 5582 + 11?
5603
In base 11, what is 3 + -6a980?
-6a978
In base 8, what is 3212 - 737?
2253
In base 16, what is 105 - 8f1?
-7ec
In base 14, what is -5 - -30c7?
30c2
In base 11, what is -274932 + 5?
-274928
In base 2, what is 100000001100 - 100101011001?
-101001101
In base 7, what is -1620231 + 0?
-1620231
In base 13, what is -16 - 4b7?
-500
In base 16, what is 1 + 312?
313
In base 10, what is -18350 + -5?
-18355
In base 15, what is 5c624 - 9?
5c61a
In base 13, what is 5 + 21238?
21240
In base 9, what is -2533 + -481?
-3124
In base 14, what is -16 + -c32?
-c48
In base 10, what is -159 + -131?
-290
In base 13, what is -3 + -96a4a?
-96a50
In base 16, what is c0 + -7cc?
-70c
In base 8, what is -147347 - -5?
-147342
In base 8, what is -2 + -17513?
-17515
In base 9, what is 20745 - -188?
21044
In base 9, what is 2552 - 0?
2552
In base 8, what is -12 - 616?
-630
In base 11, what is -a + 1a43?
1a34
In base 16, what is 171 - 94a?
-7d9
In base 4, what is -3 - 2112221200?
-2112221203
In base 11, what is 3764 + 30?
3794
In base 5, what is 220 + -11114?
-10344
In base 11, what is -55 - 260?
-305
In base 11, what is -48339 - 1?
-4833a
In base 5, what is -4 + -430330?
-430334
In base 4, what is -1 + 23320232?
23320231
In base 15, what is 5499 + -1?
5498
In base 13, what is -3244 - 55?
-3299
In base 10, what is 405 - 76?
329
In base 12, what is -126a9 - -1?
-126a8
In base 8, what is 15 - 537610?
-537573
In base 8, what is 35601 + 12?
35613
In base 11, what is -3717 - -5?
-3712
In base 6, what is -103 + 3530?
3423
In base 16, what is -18 + 10045?
1002d
In base 11, what is 277 - 22?
255
In base 9, what is 28 + 35737?
35766
In base 8, what is -7 + -24256?
-24265
In base 16, what is -1a62 - 7?
-1a69
In base 7, what is 0 + -20532?
-20532
In base 12, what is 634ba + 0?
634ba
In base 10, what is -3 + -26995?
-26998
In base 11, what is -6048 - -110?
-5a38
In base 16, what is -2c2 + b?
-2b7
In base 15, what is 3 + -4bde?
-4